 what is 9 - -7810476?
7810485
In base 9, what is 5201 + -128214?
-123013
In base 14, what is -7bc445b + 2?
-7bc4459
In base 13, what is -16 + -1b6c91b?
-1b6c934
In base 4, what is 210 - 3001132?
-3000322
In base 15, what is -8ba7 + 6?
-8ba1
In base 2, what is -1000010000 - 110010001010111100111?
-110010001011111110111
In base 9, what is -5180 + 17583?
12403
In base 8, what is -3 - -6054376?
6054373
In base 16, what is 1b50a + -1d6?
1b334
In base 4, what is 1230020322213 + 3?
1230020322222
In base 14, what is -16c03ac9 - -3?
-16c03ac6
In base 5, what is -33202204 - -222?
-33201432
In base 3, what is -122022202011 + -100110?
-122100002121
In base 9, what is -166671 - 40?
-166721
In base 8, what is -2075 - -14153?
12056
In base 2, what is -1111 - 1110001111011101010011?
-1110001111011101100010
In base 10, what is -725042 - -99?
-724943
In base 6, what is 120 - 32050421?
-32050301
In base 12, what is 3278864 - 11?
3278853
In base 5, what is 13113201 + -124?
13113022
In base 10, what is -1180 + -9144?
-10324
In base 5, what is -123 + 11432041104?
11432040431
In base 3, what is -11112110 - 1101121?
-12221001
In base 13, what is 7412 + -4104?
330b
In base 3, what is -110012101112110 - 0?
-110012101112110
In base 10, what is 1599232 + 6?
1599238
In base 10, what is -13600 - -133?
-13467
In base 15, what is -35745 + -e9?
-3583e
In base 5, what is 20143330 + 212?
20144042
In base 2, what is -101101110100 + -11011111100?
-1001001110000
In base 11, what is -209 - 159a9a8?
-15a0106
In base 5, what is -1 + -330140012?
-330140013
In base 6, what is 1322404335 + 12?
1322404351
In base 10, what is 5465142 + 57?
5465199
In base 5, what is 0 - -3231142112?
3231142112
In base 10, what is 645772 + -1?
645771
In base 16, what is -6 + 66d36?
66d30
In base 16, what is -1bbc919 - 5?
-1bbc91e
In base 13, what is 12b9a4a6 - -1?
12b9a4a7
In base 2, what is -1010001 - -1100011010110101110010?
1100011010110100100001
In base 16, what is -31f9 - -1743?
-1ab6
In base 14, what is 58 + 27902?
2795a
In base 5, what is -423413042 + 14?
-423413023
In base 7, what is -1555 - -154254?
152366
In base 8, what is -1351653 - -45?
-1351606
In base 10, what is 70 - -584397?
584467
In base 4, what is -10331230022 - -3?
-10331230013
In base 9, what is 2 + -2235006?
-2235004
In base 13, what is 1620 - 17534?
-15c14
In base 16, what is -15baaa - a8?
-15bb52
In base 9, what is -84548776 - 3?
-84548780
In base 8, what is -6623572 - -152?
-6623420
In base 9, what is -3576301 - 143?
-3576444
In base 8, what is -211 + 7443647?
7443436
In base 5, what is -114134 + 134402?
20213
In base 9, what is 76 + -7080264?
-7080177
In base 3, what is -1001120002212 - -110?
-1001120002102
In base 16, what is 1 + -a4f485?
-a4f484
In base 6, what is -2001432 + 443?
-2000545
In base 16, what is 28d067 + -42?
28d025
In base 16, what is -1019 - -86b8?
769f
In base 7, what is -523 - -10342150?
10341324
In base 9, what is 4833178 - 58?
4833120
In base 9, what is -6706624 - -3?
-6706621
In base 13, what is -8306a + -8?
-83075
In base 14, what is 240b9c3c + -5?
240b9c37
In base 7, what is 162512 + 12114?
204626
In base 13, what is -49 + -31134c?
-311398
In base 9, what is 717 - -3373?
4201
In base 9, what is -6244772 + -4?
-6244776
In base 5, what is -112432 - 2240?
-120222
In base 11, what is -52418 + -9?
-52426
In base 9, what is 1022 + 107061?
108083
In base 10, what is 12090 - 30247?
-18157
In base 16, what is 6c797 - -5?
6c79c
In base 16, what is 1 - 194fcdc?
-194fcdb
In base 15, what is -1b2 - 1e356?
-1e518
In base 3, what is 1111121101001011 - 11?
1111121101001000
In base 8, what is -17034 + 57714?
40660
In base 16, what is -54b749 - 3?
-54b74c
In base 12, what is 486 - -27bab6?
280380
In base 5, what is 103303033442 - 2?
103303033440
In base 16, what is 30b + 2b6a7?
2b9b2
In base 10, what is -11090 + -155?
-11245
In base 9, what is 13702 - -33626?
47428
In base 4, what is 11123233 - -10112031?
21301330
In base 16, what is -11 + -bcfd?
-bd0e
In base 10, what is 2467306 + 27?
2467333
In base 5, what is -31201042124 + -31?
-31201042210
In base 12, what is -8020574 - -5?
-802056b
In base 4, what is 230 + 1032202312?
1032203202
In base 5, what is 1104300 - 42411?
1011334
In base 7, what is -41615414 - 606?
-41616323
In base 15, what is b2 + 322a56?
322b18
In base 9, what is -1374 - -5203?
3718
In base 11, what is 28 - -1136659?
1136686
In base 5, what is 110201 + 42?
110243
In base 6, what is 1115 - 1043250?
-1042131
In base 16, what is -116555 - c?
-116561
In base 15, what is -2 - 402e3e?
-402e41
In base 5, what is 110 - 2132243102?
-2132242442
In base 7, what is -3 + 2546035?
2546032
In base 4, what is -31132213 + 21100?
-31111113
In base 8, what is 11045 - 473052?
-462005
In base 7, what is -20240 - 26030?
-46300
In base 8, what is 0 + 212320106?
212320106
In base 4, what is 1102032033 + 1312?
1102100011
In base 6, what is 4 - 11501230023?
-11501230015
In base 5, what is 321101101 - -4?
321101110
In base 6, what is -2010055014 + -5?
-2010055023
In base 2, what is -111100110011000 - 111110100?
-111101110001100
In base 2, what is -111 + 100101110100001101010010?
100101110100001101001011
In base 14, what is 2c + c2c298?
c2c2c6
In base 14, what is -69910 + 11?
-698dd
In base 3, what is -1202000201212 - -210?
-1202000201002
In base 7, what is 1150152 + -144?
1150005
In base 11, what is 2715 - 1173?
1552
In base 9, what is -130043638 + 2?
-130043636
In base 16, what is 1 + 246dfa?
246dfb
In base 3, what is 21212122122 + 102212?
21220002111
In base 12, what is 2b + -47145?
-47116
In base 6, what is 10440104 - -443?
10440551
In base 13, what is -1a9c40 + -12?
-1a9c52
In base 12, what is 2b70 - 413?
2759
In base 8, what is 2 - 60637773?
-60637771
In base 15, what is -2 + -43558c?
-43558e
In base 2, what is 0 - 1000011100001010111001001?
-1000011100001010111001001
In base 5, what is -203414123 - -1?
-203414122
In base 7, what is -1143 + 565005?
563532
In base 12, what is -3 - -952401?
9523ba
In base 7, what is -1241 - 653400?
-654641
In base 9, what is -5 - -80252021?
80252015
In base 9, what is 3320 + -1276?
2033
In base 11, what is 6589 + 871?
734a
In base 8, what is 15 + -166224?
-166207
In base 11, what is 2057 - -52972?
54a19
In base 14, what is -195c4d - 17?
-195c66
In base 6, what is -303013 - 2221?
-305234
In base 12, what is b - 79577b?
-795770
In base 4, what is -233020221312 - -312?
-233020221000
In base 7, what is -4 + -4262256444?
-4262256451
In base 11, what is 28 - 1818825?
-18187a8
In base 8, what is -1045112502 - 0?
-1045112502
In base 15, what is 2 + 167beaa?
167beac
In base 12, what is 6a8 - 161?
547
In base 10, what is 128 - -1313657?
1313785
In base 5, what is 10301 + -11140232?
-11124431
In base 4, what is -330013033023 + -110?
-330013033133
In base 4, what is 200332032000 - -10?
200332032010
In base 9, what is -8581718 + -318?
-8582137
In base 7, what is -1000 + 12511?
11511
In base 10, what is 4542 + 20690?
25232
In base 5, what is -20033043 + -21?
-20033114
In base 10, what is 19966 - 1016?
18950
In base 4, what is 1033132 + 3112?
1102310
In base 14, what is -a6 - -1c9a?
1bd4
In base 10, what is -3 + -106922287?
-106922290
In base 4, what is 113331202 - -130211?
120122013
In base 15, what is -1108 + -2351?
-3459
In base 16, what is f + -293d5?
-293c6
In base 10, what is 22029860 + 4?
22029864
In base 5, what is -22321 + 1121331?
1044010
In base 15, what is 1907 + 213?
1b1a
In base 11, what is 3 + -42612a1?
-4261299
In base 9, what is 351626711 + -4?
351626706
In base 14, what is -36b3 - -7dc?
-2cb5
In base 11, what is 287 + 97343?
9761a
In base 3, what is -212002101 + -10001?
-212012102
In base 16, what is e - -7e622f?
7e623d
In base 12, what is -972438a + -7?
-9724395
In base 11, what is 14586a4 - -26?
145871a
In base 9, what is 2822663 - 580?
2822073
In base 14, what is 8 + ba2c8?
ba2d2
In base 4, what is 220 - 12223033201?
-12223032321
In base 12, what is -172a965 + 6?
-172a95b
In base 9, what is 2205 + -56422?
-54216
In base 5, what is -43231440 + 0?
-43231440
In base 3, what is 1010000211 - -202201200?
1212202111
In base 2, what is 11000001100000 + 10110100001?
11011000000001
In base 13, what is 745 - -1a1b?
2463
In base 7, what is -25 - -22622446?
22622421
In base 2, what is -10001111111